 in base 13?
ca0b
What is -1aa0 (base 12) in base 15?
-e93
Convert 77 (base 15) to base 12.
94
Convert 21057 (base 9) to base 11.
a49a
Convert -10222110 (base 3) to base 11.
-21a8
Convert 1111110 (base 2) to base 13.
99
Convert 1110001000111010 (base 2) to base 12.
29622
What is -262135 (base 8) in base 15?
-1c06e
5040 (base 6) to base 7
3135
Convert -25677 (base 10) to base 8.
-62115
-2711 (base 10) to base 14
-db9
-241 (base 5) to base 16
-47
What is 58420 (base 9) in base 5?
2221404
Convert 2500 (base 7) to base 5.
12211
What is -423 (base 15) in base 4?
-32211
What is 4b41 (base 12) in base 3?
102201111
Convert 253 (base 15) to base 11.
440
d4d6 (base 14) to base 16
8f24
-411233 (base 7) to base 16
-111ce
21615 (base 7) to base 9
7426
What is 1004332 (base 5) in base 9?
24218
-4365 (base 7) to base 11
-11a4
4107 (base 8) to base 2
100001000111
-701 (base 11) to base 3
-1011102
What is -b725 (base 13) in base 4?
-12030211
-1600 (base 7) to base 10
-637
What is -23 (base 16) in base 14?
-27
Convert 31201 (base 8) to base 15.
3c6e
Convert 1 (base 12) to base 8.
1
Convert -331322 (base 4) to base 7.
-14360
What is 145 (base 15) in base 13?
194
214 (base 13) to base 15
18a
What is 1099a (base 14) in base 15?
be2b
What is 22219 (base 11) in base 4?
13313032
Convert -1a23 (base 11) to base 3.
-10112001
What is 4809 (base 11) in base 7?
24241
What is -520 (base 8) in base 13?
-1cb
Convert 552 (base 9) to base 14.
244
Convert 345550 (base 6) to base 8.
72152
302 (base 8) to base 16
c2
What is -110100 (base 3) in base 5?
-2313
Convert -40b0 (base 15) to base 16.
-3561
Convert 12 (base 8) to base 2.
1010
1100001011111 (base 2) to base 3
22120002
What is 21120 (base 4) in base 10?
600
-26417 (base 8) to base 11
-8737
-11 (base 14) to base 6
-23
42677 (base 8) to base 2
100010110111111
-392 (base 15) to base 6
-3432
What is -5203 (base 7) in base 6?
-12224
Convert -244 (base 15) to base 10.
-514
Convert 178 (base 9) to base 14.
ac
What is -1022010102 (base 3) in base 4?
-12100013
Convert 100100001101 (base 2) to base 14.
bb7
What is 1984 (base 10) in base 3?
2201111
38a (base 14) to base 3
222022
-113f (base 16) to base 2
-1000100111111
What is 110110000111 (base 2) in base 14?
1395
What is -a65 (base 14) in base 6?
-13253
22202002 (base 3) to base 11
4875
Convert -307 (base 8) to base 14.
-103
What is 2311202 (base 4) in base 12?
6882
-334 (base 15) to base 12
-504
Convert 2838 (base 13) to base 14.
217b
What is 1102003 (base 5) in base 12?
abb7
-a9 (base 12) to base 10
-129
Convert -103212 (base 4) to base 14.
-658
3223210 (base 4) to base 6
153444
What is 4315 (base 6) in base 4?
33113
Convert -111315 (base 7) to base 4.
-10303332
21113 (base 5) to base 6
10304
Convert 15 (base 13) to base 8.
22
-1365 (base 7) to base 14
-2a5
-3330 (base 6) to base 13
-477
-6773 (base 14) to base 11
-12527
-4a (base 13) to base 6
-142
13a7 (base 11) to base 13
a94
Convert -143 (base 6) to base 2.
-111111
Convert 3dd (base 16) to base 6.
4325
What is 3103 (base 6) in base 4?
22233
2111301 (base 4) to base 16
2571
10212211 (base 4) to base 6
223141
What is -a1a (base 15) in base 4?
-203203
Convert 2001231 (base 4) to base 13.
3a17
-3a1 (base 12) to base 4
-20221
Convert -42a5 (base 11) to base 14.
-20db
35031 (base 6) to base 9
6751
-244213 (base 5) to base 3
-110202202
What is 5ef (base 16) in base 15?
6b4
Convert -4473 (base 13) to base 9.
-14100
What is -16776 (base 9) in base 10?
-11571
Convert 798 (base 12) to base 9.
1478
Convert -1022020 (base 3) to base 13.
-582
What is 11100000101 (base 2) in base 7?
5145
1dd (base 15) to base 5
3213
Convert 1001112 (base 3) to base 13.
473
Convert -12840 (base 9) to base 2.
-10000111111111
What is -1591 (base 11) in base 15?
-90b
38b48 (base 12) to base 13
2947a
Convert -31131 (base 5) to base 12.
-1221
What is -3141144 (base 5) in base 4?
-30313002
Convert 1b (base 14) to base 13.
1c
What is -11100010011 (base 2) in base 10?
-1811
Convert -565 (base 12) to base 11.
-665
21022220 (base 3) to base 4
1103133
Convert 114 (base 6) to base 14.
34
146 (base 16) to base 5
2301
Convert -514 (base 9) to base 6.
-1534
Convert 5672 (base 8) to base 11.
228a
What is -122222211 (base 3) in base 2?
-11001100111101
Convert 151100 (base 6) to base 10.
14508
What is ca7b (base 14) in base 8?
104265
-31031 (base 4) to base 2
-1101001101
What is -875 (base 12) in base 2?
-10011011001
What is -52056 (base 7) in base 3?
-122110120
Convert 11472 (base 10) to base 4.
2303100
What is -55625 (base 8) in base 9?
-35140
Convert 51331 (base 7) to base 10.
12517
Convert -10455 (base 9) to base 4.
-1230113
11011110101 (base 2) to base 14
913
-220201 (base 3) to base 6
-3031
What is -404312 (base 5) in base 9?
-18845
-1178a (base 12) to base 10
-23578
-628 (base 11) to base 7
-2130
-2311233 (base 4) to base 5
-333011
Convert 1773 (base 11) to base 3.
10002122
Convert -244544 (base 7) to base 11.
-30789
Convert -1bc (base 15) to base 2.
-110010010
Convert 3050 (base 7) to base 14.
560
420 (base 5) to base 10
110
Convert 1031124 (base 5) to base 8.
42400
What is -30021 (base 4) in base 10?
-777
Convert 337a (base 12) to base 4.
1121032
Convert -465 (base 7) to base 11.
-201
-20 (base 4) to base 16
-8
What is -18858 (base 10) in base 2?
-100100110101010
-64 (base 11) to base 16
-46
What is 1554 (base 7) in base 6?
2523
-1010001011100000 (base 2) to base 10
-41696
Convert -104411 (base 6) to base 14.
-32bd
-221 (base 9) to base 15
-c1
Convert -4031 (base 9) to base 11.
-2237
What is 61101 (base 7) in base 4?
3213033
1133a (base 15) to base 6
1101214
108 (base 16) to base 13
174
Convert 544 (base 13) to base 7.
2425
What is -6a (base 15) in base 4?
-1210
9096 (base 10) to base 15
2a66
Convert 1443 (base 5) to base 12.
188
What is -6155 (base 12) in base 9?
-15452
Convert 4336 (base 8) to base 14.
b82
23 (base 14) to base 11
29
Convert 1e6 (base 15) to base 9.
540
Convert -1fe (base 16) to base 14.
-286
What is -319 (base 11) in base 16?
-17f
Convert -2551 (base 9) to base 10.
-1909
Convert -5872 (base 10) to base 4.
-1123300
What is 230104 (base 5) in base 7?
32526
Convert -b611 (base 12) to base 16.
-4dad
288 (base 10) to base 4
10200
752a (base 11) to base 6
114030
What is -125526 (base 7) in base 6?
-301113
Convert 11202 (base 6) to base 11.
1212
-2112 (base 6) to base 8
-734
Convert -9b (base 15) to base 5.
-1041
Convert -132200 (base 4) to base 9.
-2608
50b5 (base 14) to base 4
3120313
Convert 7a (base 13) to base 12.
85
255c (base 15) to base 10
7962
Convert 134066 (base 7) to base 9.
37785
-1000001110100 (base 2) to base 10
-4212
3d6e (base 15) to base 5
410104
103 (base 6) to base 5
124
What is -421426 (base 7) in base 9?
-120514
What is -32333 (base 4) in base 11?
-7a2
Convert 1000001100011 (base 2) to base 9.
5671
Convert 177 (base 16) to base 7.
1044
Convert -2425 (base 6) to base 16.
-251
What is -38462 (base 9) in base 3?
-1022112002
What is 13c2 (base 13) in base 10?
2862
What is 1011110010 (base 2) in base 12?
52a
What is 1322 (base 11) in base 6?
11542
716 (base 14) to base 8
2560
-1001100101010 (base 2) to base 13
-2305
Convert -1261 (base 8) to base 4.
-22301
3b58 (base 13) to base 6
103243
103410 (base 5) to base 7
13340
What is 1853 (base 15) in base 12?
3059
Convert -c5 (base 14) to base 8.
-255
Convert -134 (base 8) to base 11.
-84
724 (base 14) to base 4
111330
Convert 4cd (base 16) to base 14.
63b
-58 (base 11) to base 10
-63
-586 (base 13) to base 4
-32323
What is 1ead (base 15) in base 3?
100011201
104 (base 16) to base 4
10010
What is 111002120 (base 3) in base 6?
112110
-11000101 (base 2) to base 15
-d2
What is 378 (base 11) in base 10?
448
Convert 5286 (base 11) to base 9.
10527
What is -3808 (base 11) in base 8?
-11551
674b (base 13) to base 15
441d
-10001011101 (base 2) to base 7
-3154
Convert 6064 (base 10) to base 14.
22d2
Convert 1474 (base 8) to base 2.
1100111100
What is -42546 (base 8) in base 11?
-12391
-58c6 (base 16) to base 8
-54306
25033 (base 7) to base 12
3951
Convert 959 (base 12) to base 16.
555
What is -1022244 (base 5) in base 16?
-432f
Convert 1000100101111 (base 2) to base 9.
6027
Convert -131121 (base 4) to base 15.
-856
Convert -213301 (base 5) to base 15.
-2286
What is 454 (base 6) in base 7?
343
Conver